3 + 6. What is the units digit of 12/(-9) - (-181)/l?
9
Let y be (1/1 - 4) + -105. Let z = -87 - y. What is the units digit of z?
1
Let u(j) = 9*j**2 + j - 13. Let d be u(-6). Let n = d + -127. What is the units digit of (-6)/(-39) + n/26?
7
Suppose -18710 = -58*g + 48*g. What is the hundreds digit of g?
8
Let y = 20 + -6. Let i = -72 + 77. Suppose 8 = -i*b + 2*g + 90, -g = -b + y. What is the tens digit of b?
1
Let h(f) = -138*f**3 + 32*f**2 - 3*f - 8. What is the units digit of h(-3)?
5
Suppose 2*u = 3*c + 3*u - 626, 5*c - 1010 = 5*u. Let l = c - -33. What is the hundreds digit of l?
2
Suppose -h = -y - 585, 0*y = -4*h + 3*y + 2345. What is the hundreds digit of h?
5
Let a(m) = 2*m**3 + m**2 + 2*m - 2. Let b be a(1). Suppose -8*q + 275 = -b*q. What is the tens digit of q?
5
Let t(j) be the second derivative of -j**7/2520 + j**6/80 - 3*j**5/40 - j**4/3 - 2*j. Let h(p) be the third derivative of t(p). What is the units digit of h(6)?
9
Let r(i) = -i**3 - 14*i**2 - 10*i - 6. Let o = 13 - 26. Let h be r(o). Let c = -18 - h. What is the units digit of c?
7
Suppose h = 2*q + 1, 0 = 7*q - 3*q. What is the units digit of ((-2232)/8)/(-3) + (-1)/h?
2
Let n = 6 + -12. Let k = n + 9. Suppose 0 = 5*t - k - 22. What is the units digit of t?
5
Let n(r) = r**2 + 9*r + 4. Let c be n(-9). Suppose x + p - 4 = -x, -5*x + c*p = 16. Suppose -4*g + 2*g + 36 = x. What is the units digit of g?
8
Suppose -7090 = -5*x + 8235. What is the units digit of x?
5
Suppose 5*y = 2*p + 2*p + 173, -2*y - 2*p = -62. Suppose m = 28 + y. What is the units digit of m?
1
Suppose -3*l + 1752 = -3*j, 3 = j - 0*j. What is the tens digit of l?
8
Let r(z) = 2*z**2 - 6*z + 3. Let l be r(-5). Suppose -3*a = 5*s - 354, 0 = -4*a + 2*s + 3*s + 507. Let j = a - l. What is the tens digit of j?
4
Suppose -10 = 2*d, 14*s = 17*s + 5*d - 3050. What is the units digit of s?
5
Let f(a) = 18*a**2 - 6*a + 20. Let i be f(4). Let t = i - 120. What is the tens digit of t?
6
Let z be (-3)/(((-18)/(-4))/3). What is the tens digit of -2*z/(-10) + (-4816)/(-40)?
2
Let f(m) = -m**2 + 4*m + 9. Let k be f(-9). Let b = 166 + k. What is the units digit of b?
8
Suppose 2581 = 5*w - 5*q - 9354, -5*q + 7193 = 3*w. What is the tens digit of w?
9
Suppose 4*a + 5*a = 0. Suppose 7*i - 2*i - 435 = a. What is the units digit of i?
7
Let r = -30 + -14. Let u = r + 67. Suppose 2*m = m + u. What is the tens digit of m?
2
Let n(u) = 31*u - 64. What is the hundreds digit of n(11)?
2
Suppose 0 = 12*z - 33*z + 18942. What is the tens digit of z?
0
Let w(s) = 226*s**2 + 8*s - 17. What is the hundreds digit of w(2)?
9
Suppose -2*l = 2*z - 2, l = -2*z + 2*l - 4. What is the units digit of (0 + z)*(-34 + 11)?
3
Suppose -5*y = -4*p + 503, -107 = -3*p + 5*y + 269. Suppose 3*x + w = 2*x - 5, -x = 4*w + 2. What is the tens digit of 3/(-18) - p/x?
2
Let q be 1/(((-4)/8)/1 - 0). Let i = -11 + 21. What is the units digit of ((-48)/i)/(q/15)?
6
Suppose -4*z + 5*g = 717, 197 = -z + 2*g + 20. Let u be (-6 - -3) + -1 + -122. Let r = u - z. What is the units digit of r?
7
Let r = -236 + 330. What is the units digit of r?
4
Let a be (-5 - -3)*(-50 + (3 - 0)). Let r = a + -48. What is the units digit of r?
6
Let w = -192 - -1044. What is the units digit of w?
2
Suppose -10 = -4*u + 6. Suppose -2*q = 2*h - 0*h - 58, 5*q = -u*h + 144. What is the units digit of q?
8
Let l = 18 + 4. Suppose -4*d + 5*c - 28 = 0, 0 = -4*d - d + 3*c - l. What is the tens digit of (d*4)/4 + 26?
2
Suppose 5*u + 2*x = 453, 5*u + 4*x - 562 + 101 = 0. What is the tens digit of u?
8
Let w be (-3)/7 - (-1038)/21. Suppose -2*d - 5 = -w. Let n = -16 + d. What is the units digit of n?
6
Let l be (-3)/(6/(-10)*1). Suppose -l*c = -50 - 400. What is the units digit of (-6)/4 - c/(-4)?
1
Let w = 65 + -60. Suppose 0 = -t + 5, -5*t - 99 = -w*n + n. What is the tens digit of n?
3
Let b(p) = -p**2 - 14*p + 14. Let a be b(-15). What is the tens digit of (-36)/(-15)*a*(-180)/3?
4
Let s = -111 - -113. Suppose -s*z + 293 = -5*h, 4*z - h = z + 420. What is the hundreds digit of z?
1
Suppose -5 - 103 = 3*a. Let o = a + 44. What is the tens digit of 2134/55 - o/10?
3
Suppose 0 = -k + 4, 0*s + 4*k - 31 = -3*s. Suppose 5*j + 14 = 4, -s*m + 3*j = -156. Let o = 69 - m. What is the units digit of o?
9
Suppose 3*g - 360 = -2*a, 3*g - 5*a + 145 - 484 = 0. What is the hundreds digit of (g/8)/(5/60)?
1
Let v be (-1)/(20/(-24))*(-10)/3. What is the hundreds digit of 18*((-42)/v - 3)?
1
Let a = 23 + -41. Let w = 23 + a. Suppose l - 27 = w*v, 0 = -l - v + 2*v + 35. What is the tens digit of l?
3
Let m(d) = d**3 - 8*d**2 - 6*d + 4. Let p(j) = 11*j**2 + 2*j + 1. Let a be p(-1). What is the tens digit of m(a)?
4
Let d = 636 - 625. Let c(f) = 15*f - 1 + 3 + 1 - f**2. What is the tens digit of c(d)?
4
Let j = 2103 - 1485. What is the hundreds digit of j?
6
Let f(v) = v**3 - 22*v**2 - 100*v + 43. What is the tens digit of f(27)?
8
Suppose 2*c - 5*c + 3*j = -15, 5*c + 4*j = -2. Suppose 0 = 10*p - 4*p - 42. Suppose p - 35 = -c*x. What is the tens digit of x?
1
Suppose -4*r - 18 = -6*w + 4*w, 0 = 3*w - 5*r - 23. Let y = w + 2. Suppose 4 = -v + 3*x, 5*v - x - 65 = -y*x. What is the units digit of v?
1
Let b(q) = -q**3 + 49*q**2 + 6*q + 11. What is the thousands digit of b(9)?
3
Let v(g) = 494*g + 20. What is the thousands digit of v(2)?
1
Suppose -a = 10 - 13. Suppose 0*q - 3 = -q. Suppose -57 = -a*f + q*s, 0*s - 53 = -3*f - s. What is the tens digit of f?
1
Suppose 1780 = 4*q + 32. What is the hundreds digit of q?
4
Let u(c) = 3*c**2 + 3*c - 1. Suppose -2*n = 5 + 3. What is the tens digit of u(n)?
3
Suppose a = w - 7, -5*w + 8 = 7*a - 3*a. Let i(u) = -3*u**2 - 4*u - 3. Let k be i(a). What is the units digit of 6/27 - 104/k?
6
Let z = -8 - -12. Suppose 0 = w - 5*q - 65, 5*w = z*q - 118 + 485. What is the tens digit of w?
7
Let m(o) = -2664*o - 10. What is the thousands digit of m(-1)?
2
Let y(r) = -4540*r - 22. What is the hundreds digit of y(-1)?
5
Suppose 2*r = 5*n + 5, 0*n - 2*r + 6 = -4*n. Let g be n/(-2*3/30). What is the units digit of (2/(-5))/(2/g)?
1
Let f(r) = -2*r**2 + 4*r + 3. Let c be f(5). Let j(d) = d**3 - 14*d**2 + 24*d + 9. Let s be j(12). What is the units digit of (-48)/c - (-2)/s?
2
Let r = 1516 - 955. What is the tens digit of r?
6
Suppose 5*d + 11*d = 31728. What is the hundreds digit of d?
9
Suppose -2*z = 5*f - 10021, 55 = -3*z + 64. What is the thousands digit of f?
2
Suppose 53*o - 153 = 50*o. Suppose 4*h + o = i, -3*i - 4*h + 6*h = -203. What is the units digit of i?
1
Suppose -2*y = 3 - 13. Suppose -5*w - 5*z = -265, -z - 4*z - y = 0. What is the tens digit of w?
5
Let g(v) = 3*v + 14. Suppose -2*o - 15 = -5*o. What is the units digit of g(o)?
9
Let z(i) = i**2 - 6*i - 11. Let j be z(-3). Let c(v) = 7*v + 28. What is the tens digit of c(j)?
4
Let v(f) = -f**2 + 5*f + 13*f - 4*f + 18. What is the tens digit of v(14)?
1
Suppose 3 = 2*t + 5. Let l(a) = -a + 7. Let s be l(-9). Let f = s + t. What is the tens digit of f?
1
Suppose 0 = 4*q - 28 + 8. Suppose 15 = q*p - 40. What is the units digit of p?
1
Let w = -20 - -36. What is the tens digit of (-42)/(-12)*((3 - 3) + w)?
5
Let b be (-231)/(-9) - 2/(-6). Suppose -2*y - 2*y - r - 87 = 0, -3*y - 49 = 4*r. Let x = b - y. What is the tens digit of x?
4
Suppose 28 = -0*y - 5*y - 2*h, -2*y + 4*h + 8 = 0. Let g(c) be the first derivative of -2*c**2 - c - 2. What is the tens digit of g(y)?
1
What is the thousands digit of (4039 - -19) + -9 + -1?
4
Let l(j) = -j**3 - 14*j**2 - j + 20. Suppose -3*n - 37 - 5 = 0. What is the units digit of l(n)?
4
Let j(b) = -b**3 - 6*b**2 - b + 2. Let r be j(-4). Let y = r + 127. Suppose 4*o + 27 = -2*w + y, 164 = 5*w + 3*o. What is the tens digit of w?
3
Suppose -48 = -q - 42. Suppose -q*w + 899 = 275. What is the tens digit of w?
0
Suppose -12 = 4*s, -2*n - 121 = 4*s + s. Suppose -2*j + 0*j + 192 = 4*v, 0 = -5*j + 4*v + 494. Let i = n + j. What is the tens digit of i?
4
What is the tens digit of 5/((-35)/(-3344)) + 52/182?
7
Let p(z) = z**2 - 3*z - 16. What is the units digit of p(12)?
2
Suppose 0 = c + d - 2382, 4*c - 9540 = 2*d - 0*d. What is the thousands digit of c?
2
Let k(w) = 86*w - 8. Let z be k(-2). Let v = -122 - z. What is the units digit of v?
8
Let d be 10536/28 + 4/(-14). Suppose -d = -10*y + 194.